{"id":2681,"date":"2025-09-16T08:21:16","date_gmt":"2025-09-16T08:21:16","guid":{"rendered":"https:\/\/thehandlebar.biz\/produkt\/bellitanner-damen-v1-s-e-bike\/"},"modified":"2026-04-02T10:41:37","modified_gmt":"2026-04-02T10:41:37","slug":"bellitanner-damen-v1-s-e-bike","status":"publish","type":"product","link":"https:\/\/thehandlebar.biz\/de\/produkt\/bellitanner-damen-v1-s-e-bike\/","title":{"rendered":"BELLITANNER DAMEN V1 S E-BIKE"},"content":{"rendered":"<p>[et_pb_section fb_built=&#8221;1&#8243; _builder_version=&#8221;4.16&#8243; custom_padding=&#8221;0px||||false|false&#8221; global_colors_info=&#8221;{}&#8221;][et_pb_row _builder_version=&#8221;4.16&#8243; background_size=&#8221;initial&#8221; background_position=&#8221;top_left&#8221; background_repeat=&#8221;repeat&#8221; width=&#8221;100%&#8221; custom_padding=&#8221;0px||0px||false|false&#8221; global_colors_info=&#8221;{}&#8221;][et_pb_column type=&#8221;4_4&#8243; _builder_version=&#8221;4.16&#8243; custom_padding=&#8221;|||&#8221; global_colors_info=&#8221;{}&#8221; custom_padding__hover=&#8221;|||&#8221;][et_pb_wc_breadcrumb _builder_version=&#8221;4.16&#8243; global_colors_info=&#8221;{}&#8221;][\/et_pb_wc_breadcrumb][et_pb_wc_cart_notice _builder_version=&#8221;4.16&#8243; global_colors_info=&#8221;{}&#8221;][\/et_pb_wc_cart_notice][\/et_pb_column][\/et_pb_row][et_pb_row column_structure=&#8221;1_2,1_2&#8243; _builder_version=&#8221;4.16&#8243; background_size=&#8221;initial&#8221; background_position=&#8221;top_left&#8221; background_repeat=&#8221;repeat&#8221; width=&#8221;100%&#8221; custom_padding=&#8221;0px||||false|false&#8221; global_colors_info=&#8221;{}&#8221;][et_pb_column type=&#8221;1_2&#8243; _builder_version=&#8221;4.16&#8243; custom_padding=&#8221;|||&#8221; global_colors_info=&#8221;{}&#8221; custom_padding__hover=&#8221;|||&#8221;][et_pb_wc_images _builder_version=&#8221;4.16&#8243; global_colors_info=&#8221;{}&#8221;][\/et_pb_wc_images][et_pb_image src=&#8221;https:\/\/thehandlebar.biz\/wp-content\/uploads\/2025\/09\/486113627_1251594090309642_6936342034216347959_n-1.jpg&#8221; title_text=&#8221;E-Bike&#8221; _builder_version=&#8221;4.27.4&#8243; _module_preset=&#8221;default&#8221; global_colors_info=&#8221;{}&#8221;][\/et_pb_image][\/et_pb_column][et_pb_column type=&#8221;1_2&#8243; _builder_version=&#8221;4.16&#8243; custom_padding=&#8221;|||&#8221; global_colors_info=&#8221;{}&#8221; custom_padding__hover=&#8221;|||&#8221;][et_pb_wc_title _builder_version=&#8221;4.16&#8243; global_colors_info=&#8221;{}&#8221;][\/et_pb_wc_title][et_pb_wc_rating _builder_version=&#8221;4.16&#8243; global_colors_info=&#8221;{}&#8221;][\/et_pb_wc_rating][et_pb_wc_price _builder_version=&#8221;4.16&#8243; global_colors_info=&#8221;{}&#8221;][\/et_pb_wc_price][et_pb_wc_description _builder_version=&#8221;4.16&#8243; global_colors_info=&#8221;{}&#8221;][\/et_pb_wc_description][et_pb_wc_add_to_cart _builder_version=&#8221;4.16&#8243; global_colors_info=&#8221;{}&#8221;][\/et_pb_wc_add_to_cart][et_pb_wc_meta _builder_version=&#8221;4.16&#8243; global_colors_info=&#8221;{}&#8221;][\/et_pb_wc_meta][\/et_pb_column][\/et_pb_row][et_pb_row column_structure=&#8221;1_2,1_2&#8243; _builder_version=&#8221;4.27.4&#8243; _module_preset=&#8221;default&#8221; global_colors_info=&#8221;{}&#8221;][et_pb_column type=&#8221;1_2&#8243; _builder_version=&#8221;4.27.4&#8243; _module_preset=&#8221;default&#8221; global_colors_info=&#8221;{}&#8221;][et_pb_button _builder_version=&#8221;4.27.4&#8243; _module_preset=&#8221;default&#8221; global_colors_info=&#8221;{}&#8221;][\/et_pb_button][\/et_pb_column][et_pb_column type=&#8221;1_2&#8243; _builder_version=&#8221;4.27.4&#8243; _module_preset=&#8221;default&#8221; global_colors_info=&#8221;{}&#8221;][et_pb_image _builder_version=&#8221;4.27.4&#8243; _module_preset=&#8221;default&#8221; global_colors_info=&#8221;{}&#8221;][\/et_pb_image][\/et_pb_column][\/et_pb_row][et_pb_row column_structure=&#8221;1_2,1_2&#8243; _builder_version=&#8221;4.27.4&#8243; _module_preset=&#8221;default&#8221; global_colors_info=&#8221;{}&#8221;][et_pb_column type=&#8221;1_2&#8243; _builder_version=&#8221;4.27.4&#8243; _module_preset=&#8221;default&#8221; global_colors_info=&#8221;{}&#8221;][et_pb_image src=&#8221;https:\/\/thehandlebar.biz\/wp-content\/uploads\/2025\/10\/Mens-V1-s_2-scaled.jpg&#8221; title_text=&#8221;Herren V1 s_2&#8243; _builder_version=&#8221;4.27.4&#8243; _module_preset=&#8221;default&#8221; global_colors_info=&#8221;{}&#8221;][\/et_pb_image][\/et_pb_column][et_pb_column type=&#8221;1_2&#8243; _builder_version=&#8221;4.27.4&#8243; _module_preset=&#8221;default&#8221; global_colors_info=&#8221;{}&#8221;][et_pb_image src=&#8221;https:\/\/thehandlebar.biz\/wp-content\/uploads\/2025\/09\/mens-v1-s-scaled.jpg&#8221; title_text=&#8221;Herren V1 S&#8221; _builder_version=&#8221;4.27.4&#8243; _module_preset=&#8221;default&#8221; global_colors_info=&#8221;{}&#8221;][\/et_pb_image][\/et_pb_column][\/et_pb_row][et_pb_row _builder_version=&#8221;4.16&#8243; background_size=&#8221;initial&#8221; background_position=&#8221;top_left&#8221; background_repeat=&#8221;repeat&#8221; width=&#8221;100%&#8221; global_colors_info=&#8221;{}&#8221;][et_pb_column type=&#8221;4_4&#8243; _builder_version=&#8221;4.16&#8243; custom_padding=&#8221;|||&#8221; global_colors_info=&#8221;{}&#8221; custom_padding__hover=&#8221;|||&#8221;][et_pb_wc_tabs _builder_version=&#8221;4.16&#8243; global_colors_info=&#8221;{}&#8221;]\t\t\t\t\t[\/et_pb_wc_tabs][et_pb_wc_upsells _builder_version=&#8221;4.16&#8243; global_colors_info=&#8221;{}&#8221;][\/et_pb_wc_upsells][et_pb_wc_related_products _builder_version=&#8221;4.16&#8243; global_colors_info=&#8221;{}&#8221;][\/et_pb_wc_related_products][\/et_pb_column][\/et_pb_row][\/et_pb_section]<\/p>\n","protected":false},"excerpt":{"rendered":"<p>Entdecken Sie das Bellitanner Damen V1, unser leichtes Aluminium-City-E-Bike mit integriertem Akku, leistungsstarkem 250-Watt Bafang Hinterradnabenmotor und Bafang. Mit einem 36 Ah Langstreckenakku ist es perfekt f\u00fcr den Stadtverkehr. <\/p>\n<p>Unser City-E-Bike kombiniert Leichtigkeit, Leistung und geringen Wartungsaufwand.<\/p>\n<p>&nbsp;<\/p>\n<p><strong>Leistungsstarker 250-Watt Hinterradnabenmotor<\/strong><\/p>\n<p>Konzipiert f\u00fcr effizientes Pendeln in der Stadt.<\/p>\n<p><strong>Integrierte Lithium-Ionen-Batterie<\/strong><\/p>\n<p>Gew\u00e4hrleistet gro\u00dfe Reichweite und zuverl\u00e4ssige Stromversorgung.<\/p>\n<p><strong>Hydraulische Scheibenbremsen<\/strong><\/p>\n<p>Sorgt f\u00fcr sicheres und kontrolliertes Bremsen<\/p>\n","protected":false},"featured_media":1598,"template":"","meta":{"_et_pb_use_builder":"on","_et_pb_old_content":"<div class=\"wp-block-group has-background-background-color has-background\">\n<div class=\"wp-block-group__inner-container is-layout-constrained wp-container-core-group-is-layout-1866491c wp-block-group-is-layout-constrained\">\n<h3 class=\"wp-block-heading\">Leistungsstarker 250-Watt Hinterradnabenmotor<\/h3>\n<p class=\"has-small-font-size\">Konzipiert f\u00fcr effizientes Pendeln in der Stadt.<\/p>\n\n<\/div>\n<\/div>\n<div class=\"wp-block-group has-background-background-color has-background\">\n<div class=\"wp-block-group__inner-container is-layout-constrained wp-container-core-group-is-layout-1866491c wp-block-group-is-layout-constrained\">\n<h3 class=\"wp-block-heading\">Integrierte Lithium-Ionen-Batterie<\/h3>\n<p class=\"has-small-font-size\">Gew\u00e4hrleistet gro\u00dfe Reichweite und zuverl\u00e4ssige Stromversorgung.<\/p>\n\n<\/div>\n<\/div>\n<div class=\"wp-block-group has-background-background-color has-background\">\n<div class=\"wp-block-group__inner-container is-layout-constrained wp-container-core-group-is-layout-1866491c wp-block-group-is-layout-constrained\">\n<h3 class=\"wp-block-heading\">Hydraulische Scheibenbremsen<\/h3>\n<p class=\"has-small-font-size\">Sorgen f\u00fcr sicheres und kontrolliertes Bremsen.<\/p>\n\n<\/div>\n<\/div>\n<div class=\"wp-block-group has-background-background-color has-background\">\n<div class=\"wp-block-group__inner-container is-layout-constrained wp-container-core-group-is-layout-1866491c wp-block-group-is-layout-constrained\">\n<p class=\"has-small-font-size\"><\/p>\n\n<\/div>\n<\/div>","_et_gb_content_width":""},"product_brand":[],"product_cat":[126,180],"product_tag":[127],"class_list":{"0":"post-2681","1":"product","2":"type-product","3":"status-publish","4":"has-post-thumbnail","6":"product_cat-bellitanner","7":"product_cat-sale","8":"product_tag-bellitanner-e-bikes","10":"first","11":"instock","12":"sale","13":"taxable","14":"shipping-taxable","15":"purchasable","16":"product-type-simple"},"_links":{"self":[{"href":"https:\/\/thehandlebar.biz\/de\/wp-json\/wp\/v2\/product\/2681","targetHints":{"allow":["GET"]}}],"collection":[{"href":"https:\/\/thehandlebar.biz\/de\/wp-json\/wp\/v2\/product"}],"about":[{"href":"https:\/\/thehandlebar.biz\/de\/wp-json\/wp\/v2\/types\/product"}],"wp:featuredmedia":[{"embeddable":true,"href":"https:\/\/thehandlebar.biz\/de\/wp-json\/wp\/v2\/media\/1598"}],"wp:attachment":[{"href":"https:\/\/thehandlebar.biz\/de\/wp-json\/wp\/v2\/media?parent=2681"}],"wp:term":[{"taxonomy":"product_brand","embeddable":true,"href":"https:\/\/thehandlebar.biz\/de\/wp-json\/wp\/v2\/product_brand?post=2681"},{"taxonomy":"product_cat","embeddable":true,"href":"https:\/\/thehandlebar.biz\/de\/wp-json\/wp\/v2\/product_cat?post=2681"},{"taxonomy":"product_tag","embeddable":true,"href":"https:\/\/thehandlebar.biz\/de\/wp-json\/wp\/v2\/product_tag?post=2681"}],"curies":[{"name":"wp","href":"https:\/\/api.w.org\/{rel}","templated":true}]}}

<p>Entdecken Sie das Bellitanner Damen V1, unser leichtes Aluminium-City-E-Bike mit integriertem Akku, leistungsstarkem 250-Watt Bafang Hinterradnabenmotor und Bafang. Mit einem 36 Ah Langstreckenakku ist es perfekt für den Stadtverkehr. </p>
<p>Unser City-E-Bike kombiniert Leichtigkeit, Leistung und geringen Wartungsaufwand.</p>
<p>&nbsp;</p>
<p><strong>Leistungsstarker 250-Watt Hinterradnabenmotor</strong></p>
<p>Konzipiert für effizientes Pendeln in der Stadt.</p>
<p><strong>Integrierte Lithium-Ionen-Batterie</strong></p>
<p>Gewährleistet große Reichweite und zuverlässige Stromversorgung.</p>
<p><strong>Hydraulische Scheibenbremsen</strong></p>
<p>Sorgt für sicheres und kontrolliertes Bremsen</p>

<div class="wp-block-group has-background-background-color has-background">
<div class="wp-block-group__inner-container is-layout-constrained wp-container-core-group-is-layout-1866491c wp-block-group-is-layout-constrained">
<h3 class="wp-block-heading">Leistungsstarker 250-Watt Hinterradnabenmotor</h3>
<p class="has-small-font-size">Konzipiert für effizientes Pendeln in der Stadt.</p>

</div>
</div>
<div class="wp-block-group has-background-background-color has-background">
<div class="wp-block-group__inner-container is-layout-constrained wp-container-core-group-is-layout-1866491c wp-block-group-is-layout-constrained">
<h3 class="wp-block-heading">Integrierte Lithium-Ionen-Batterie</h3>
<p class="has-small-font-size">Gewährleistet große Reichweite und zuverlässige Stromversorgung.</p>

</div>
</div>
<div class="wp-block-group has-background-background-color has-background">
<div class="wp-block-group__inner-container is-layout-constrained wp-container-core-group-is-layout-1866491c wp-block-group-is-layout-constrained">
<h3 class="wp-block-heading">Hydraulische Scheibenbremsen</h3>
<p class="has-small-font-size">Sorgen für sicheres und kontrolliertes Bremsen.</p>

</div>
</div>
<div class="wp-block-group has-background-background-color has-background">
<div class="wp-block-group__inner-container is-layout-constrained wp-container-core-group-is-layout-1866491c wp-block-group-is-layout-constrained">
<p class="has-small-font-size"></p>

</div>
</div>
