{"id":2699,"date":"2025-09-16T08:19:17","date_gmt":"2025-09-16T08:19:17","guid":{"rendered":"https:\/\/thehandlebar.biz\/produkt\/bellitanner-herren-v1-e-bike-schwarz\/"},"modified":"2026-04-28T13:10:47","modified_gmt":"2026-04-28T13:10:47","slug":"bellitanner-herren-v1-e-bike-schwarz","status":"publish","type":"product","link":"https:\/\/thehandlebar.biz\/de\/produkt\/bellitanner-herren-v1-e-bike-schwarz\/","title":{"rendered":"BELLITANNER HERREN V1 E-BIKE Schwarz"},"content":{"rendered":"<p>[et_pb_section fb_built=&#8221;1&#8243; _builder_version=&#8221;4.16&#8243; custom_padding=&#8221;0px||||false|false&#8221; hover_enabled=&#8221;0&#8243; global_colors_info=&#8221;{}&#8221; sticky_enabled=&#8221;0&#8243;][et_pb_row _builder_version=&#8221;4.16&#8243; background_size=&#8221;initial&#8221; background_position=&#8221;top_left&#8221; background_repeat=&#8221;repeat&#8221; width=&#8221;100%&#8221; custom_padding=&#8221;0px||0px||false|false&#8221; global_colors_info=&#8221;{}&#8221;][et_pb_column type=&#8221;4_4&#8243; _builder_version=&#8221;4.16&#8243; custom_padding=&#8221;|||&#8221; hover_enabled=&#8221;0&#8243; global_colors_info=&#8221;{}&#8221; custom_padding__hover=&#8221;|||&#8221; sticky_enabled=&#8221;0&#8243;][et_pb_wc_breadcrumb _builder_version=&#8221;4.16&#8243; global_colors_info=&#8221;{}&#8221;][\/et_pb_wc_breadcrumb][et_pb_wc_cart_notice _builder_version=&#8221;4.16&#8243; global_colors_info=&#8221;{}&#8221;][\/et_pb_wc_cart_notice][\/et_pb_column][\/et_pb_row][et_pb_row column_structure=&#8221;1_2,1_2&#8243; _builder_version=&#8221;4.16&#8243; background_size=&#8221;initial&#8221; background_position=&#8221;top_left&#8221; background_repeat=&#8221;repeat&#8221; width=&#8221;100%&#8221; custom_padding=&#8221;0px||||false|false&#8221; global_colors_info=&#8221;{}&#8221;][et_pb_column type=&#8221;1_2&#8243; _builder_version=&#8221;4.16&#8243; custom_padding=&#8221;|||&#8221; global_colors_info=&#8221;{}&#8221; custom_padding__hover=&#8221;|||&#8221;][et_pb_wc_images _builder_version=&#8221;4.16&#8243; global_colors_info=&#8221;{}&#8221;][\/et_pb_wc_images][et_pb_image src=&#8221;https:\/\/thehandlebar.biz\/wp-content\/uploads\/2025\/09\/cbe11650-534d-4275-9b88-3b8867a89aa9.jpeg&#8221; title_text=&#8221;bellitanner E-Bike&#8221; _builder_version=&#8221;4.27.6&#8243; _module_preset=&#8221;default&#8221; hover_enabled=&#8221;0&#8243; global_colors_info=&#8221;{}&#8221; sticky_enabled=&#8221;0&#8243;][\/et_pb_image][\/et_pb_column][et_pb_column type=&#8221;1_2&#8243; _builder_version=&#8221;4.16&#8243; custom_padding=&#8221;|||&#8221; global_colors_info=&#8221;{}&#8221; custom_padding__hover=&#8221;|||&#8221;][et_pb_wc_title _builder_version=&#8221;4.16&#8243; global_colors_info=&#8221;{}&#8221;][\/et_pb_wc_title][et_pb_wc_rating _builder_version=&#8221;4.16&#8243; global_colors_info=&#8221;{}&#8221;][\/et_pb_wc_rating][et_pb_wc_price _builder_version=&#8221;4.16&#8243; global_colors_info=&#8221;{}&#8221;][\/et_pb_wc_price][et_pb_wc_description _builder_version=&#8221;4.16&#8243; global_colors_info=&#8221;{}&#8221;][\/et_pb_wc_description][et_pb_wc_add_to_cart _builder_version=&#8221;4.16&#8243; global_colors_info=&#8221;{}&#8221;][\/et_pb_wc_add_to_cart][et_pb_wc_meta _builder_version=&#8221;4.16&#8243; global_colors_info=&#8221;{}&#8221;][\/et_pb_wc_meta][\/et_pb_column][\/et_pb_row][et_pb_row column_structure=&#8221;1_2,1_2&#8243; _builder_version=&#8221;4.27.4&#8243; _module_preset=&#8221;default&#8221; global_colors_info=&#8221;{}&#8221;][et_pb_column type=&#8221;1_2&#8243; _builder_version=&#8221;4.27.4&#8243; _module_preset=&#8221;default&#8221; global_colors_info=&#8221;{}&#8221;][et_pb_button button_text=&#8221;FAHRRAD-LEASING&#8221; _builder_version=&#8221;4.27.4&#8243; _module_preset=&#8221;default&#8221; global_colors_info=&#8221;{}&#8221;][\/et_pb_button][\/et_pb_column][et_pb_column type=&#8221;1_2&#8243; _builder_version=&#8221;4.27.4&#8243; _module_preset=&#8221;default&#8221; global_colors_info=&#8221;{}&#8221;][et_pb_button button_text=&#8221;FAHRRAD FINANZIEREN&#8221; _builder_version=&#8221;4.27.4&#8243; _module_preset=&#8221;default&#8221; global_colors_info=&#8221;{}&#8221;][\/et_pb_button][\/et_pb_column][\/et_pb_row][et_pb_row column_structure=&#8221;1_2,1_2&#8243; _builder_version=&#8221;4.27.4&#8243; _module_preset=&#8221;default&#8221; global_colors_info=&#8221;{}&#8221;][et_pb_column type=&#8221;1_2&#8243; _builder_version=&#8221;4.27.4&#8243; _module_preset=&#8221;default&#8221; global_colors_info=&#8221;{}&#8221;][et_pb_image src=&#8221;https:\/\/thehandlebar.biz\/wp-content\/uploads\/2025\/10\/486661610_1251594903642894_2514315263353199410_n.jpg&#8221; title_text=&#8221;E-Bike&#8221; _builder_version=&#8221;4.27.4&#8243; _module_preset=&#8221;default&#8221; global_colors_info=&#8221;{}&#8221;][\/et_pb_image][et_pb_text _builder_version=&#8221;4.27.4&#8243; _module_preset=&#8221;default&#8221; global_colors_info=&#8221;{}&#8221;][\/et_pb_text][\/et_pb_column][et_pb_column type=&#8221;1_2&#8243; _builder_version=&#8221;4.27.4&#8243; _module_preset=&#8221;default&#8221; global_colors_info=&#8221;{}&#8221;][et_pb_image src=&#8221;https:\/\/thehandlebar.biz\/wp-content\/uploads\/2025\/10\/490342690_1251594943642890_5021321792780340329_n-1.jpg&#8221; title_text=&#8221;bellitanner E-Bike&#8221; _builder_version=&#8221;4.27.4&#8243; _module_preset=&#8221;default&#8221; global_colors_info=&#8221;{}&#8221;][\/et_pb_image][et_pb_text _builder_version=&#8221;4.27.4&#8243; _module_preset=&#8221;default&#8221; global_colors_info=&#8221;{}&#8221;][\/et_pb_text][\/et_pb_column][\/et_pb_row][et_pb_row _builder_version=&#8221;4.16&#8243; background_size=&#8221;initial&#8221; background_position=&#8221;top_left&#8221; background_repeat=&#8221;repeat&#8221; width=&#8221;100%&#8221; global_colors_info=&#8221;{}&#8221;][et_pb_column type=&#8221;4_4&#8243; _builder_version=&#8221;4.16&#8243; custom_padding=&#8221;|||&#8221; global_colors_info=&#8221;{}&#8221; custom_padding__hover=&#8221;|||&#8221;][et_pb_wc_tabs _builder_version=&#8221;4.16&#8243; global_colors_info=&#8221;{}&#8221;]\t\t\t\t\t[\/et_pb_wc_tabs][et_pb_wc_upsells _builder_version=&#8221;4.16&#8243; global_colors_info=&#8221;{}&#8221;][\/et_pb_wc_upsells][et_pb_wc_related_products _builder_version=&#8221;4.16&#8243; global_colors_info=&#8221;{}&#8221;][\/et_pb_wc_related_products][\/et_pb_column][\/et_pb_row][\/et_pb_section]<\/p>\n","protected":false},"excerpt":{"rendered":"<p>Entdecken Sie das Bellitanner Mens V1, unser leichtes City-E-Bike aus Aluminium mit integriertem Akku, einem leistungsstarken 250-Watt-Bafang-Mittelmotor und Enviolo-Nabenschaltung. Der wartungsarme Carbon-Riemenantrieb und die hydraulischen Scheibenbremsen gew\u00e4hrleisten ein zuverl\u00e4ssiges und effizientes Fahrerlebnis. Mit einem 36-Ah-Akku mit gro\u00dfer Reichweite ist es perfekt f\u00fcr den Stadtverkehr geeignet.  <\/p>\n","protected":false},"featured_media":3391,"template":"","meta":{"_et_pb_use_builder":"on","_et_pb_old_content":"<div class=\"wp-block-group has-background-background-color has-background\">\r\n<div class=\"wp-block-group__inner-container is-layout-constrained wp-container-core-group-is-layout-1866491c wp-block-group-is-layout-constrained\">\r\n<h3 class=\"wp-block-heading\">Powerful 250-Watt Mid-Drive Motor<\/h3>\r\n<p class=\"has-small-font-size\">Designed for efficient city commuting.<\/p>\r\n\r\n<\/div>\r\n<\/div>\r\n<div class=\"wp-block-group has-background-background-color has-background\">\r\n<div class=\"wp-block-group__inner-container is-layout-constrained wp-container-core-group-is-layout-1866491c wp-block-group-is-layout-constrained\">\r\n<h3 class=\"wp-block-heading\">Integrated Lithium-Ion Battery<\/h3>\r\n<p class=\"has-small-font-size\">Ensures long range and reliable power supply.<\/p>\r\n\r\n<\/div>\r\n<\/div>\r\n<div class=\"wp-block-group has-background-background-color has-background\">\r\n<div class=\"wp-block-group__inner-container is-layout-constrained wp-container-core-group-is-layout-1866491c wp-block-group-is-layout-constrained\">\r\n<h3 class=\"wp-block-heading\">Hydraulic Disc Brakes<\/h3>\r\n<p class=\"has-small-font-size\">Ensure safe and controlled braking.<\/p>\r\n\r\n<\/div>\r\n<\/div>\r\n<div class=\"wp-block-group has-background-background-color has-background\">\r\n<div class=\"wp-block-group__inner-container is-layout-constrained wp-container-core-group-is-layout-1866491c wp-block-group-is-layout-constrained\">\r\n<h3 class=\"wp-block-heading\">Low-maintenance Carbon Belt Drive<\/h3>\r\n<p class=\"has-small-font-size\">Provides quiet and durable riding comfort.<\/p>\r\n\r\n<\/div>\r\n<\/div>","_et_gb_content_width":""},"product_brand":[],"product_cat":[126],"product_tag":[127],"class_list":{"0":"post-2699","1":"product","2":"type-product","3":"status-publish","4":"has-post-thumbnail","6":"product_cat-bellitanner","7":"product_tag-bellitanner-e-bikes","9":"first","10":"instock","11":"sale","12":"taxable","13":"shipping-taxable","14":"purchasable","15":"product-type-simple"},"_links":{"self":[{"href":"https:\/\/thehandlebar.biz\/de\/wp-json\/wp\/v2\/product\/2699","targetHints":{"allow":["GET"]}}],"collection":[{"href":"https:\/\/thehandlebar.biz\/de\/wp-json\/wp\/v2\/product"}],"about":[{"href":"https:\/\/thehandlebar.biz\/de\/wp-json\/wp\/v2\/types\/product"}],"wp:featuredmedia":[{"embeddable":true,"href":"https:\/\/thehandlebar.biz\/de\/wp-json\/wp\/v2\/media\/3391"}],"wp:attachment":[{"href":"https:\/\/thehandlebar.biz\/de\/wp-json\/wp\/v2\/media?parent=2699"}],"wp:term":[{"taxonomy":"product_brand","embeddable":true,"href":"https:\/\/thehandlebar.biz\/de\/wp-json\/wp\/v2\/product_brand?post=2699"},{"taxonomy":"product_cat","embeddable":true,"href":"https:\/\/thehandlebar.biz\/de\/wp-json\/wp\/v2\/product_cat?post=2699"},{"taxonomy":"product_tag","embeddable":true,"href":"https:\/\/thehandlebar.biz\/de\/wp-json\/wp\/v2\/product_tag?post=2699"}],"curies":[{"name":"wp","href":"https:\/\/api.w.org\/{rel}","templated":true}]}}

<p>Entdecken Sie das Bellitanner Mens V1, unser leichtes City-E-Bike aus Aluminium mit integriertem Akku, einem leistungsstarken 250-Watt-Bafang-Mittelmotor und Enviolo-Nabenschaltung. Der wartungsarme Carbon-Riemenantrieb und die hydraulischen Scheibenbremsen gewährleisten ein zuverlässiges und effizientes Fahrerlebnis. Mit einem 36-Ah-Akku mit großer Reichweite ist es perfekt für den Stadtverkehr geeignet.  </p>
